t common factor of 2 and j.
2
Suppose 2*m = z - 1, -5*z + 49 = 2*m - m. Let y = 44 - 120. Let h = y - -85. Calculate the greatest common divisor of h and z.
9
Suppose 68*w - 729 = 41*w. What is the highest common divisor of 54 and w?
27
Let h(f) = -f**2 - f + 8. Let p be h(0). What is the greatest common divisor of p and 200?
8
Let l = -82 - -47. Let g be ((-72)/(-21))/((-10)/l). Suppose -p - 5*f + 28 = 0, 4*p - 88 = -4*f + 88. Calculate the greatest common factor of g and p.
12
Suppose 8*l - 3*l + 4*y - 43 = 0, l + y = 9. Let d be (7/2)/l*22. Let t = 37 - d. Calculate the highest common divisor of t and 26.
26
Let u(w) = -w - 140 + 140 + 33*w**2. Let y be u(2). Suppose -5*m + y = -4*k, -2*m + 2*k + 52 = -2. What is the highest common divisor of m and 22?
22
Suppose z = -0*z + 26. Suppose 9*l - 19 = 26. Suppose -2*o + l*g + 145 = 42, g = -o + 34. What is the greatest common divisor of z and o?
13
Let f = -448 - -457. What is the greatest common divisor of 126 and f?
9
Suppose 5*u + 54 = 159. Calculate the highest common divisor of u and 91.
7
Suppose 0 = -3*q + 2 + 4. What is the greatest common factor of 58 and q?
2
Suppose -56 = 3*n - 11. Let r = n + 23. Suppose 2*s - 4*s = -r. Calculate the highest common divisor of 16 and s.
4
Suppose -812 = 13*y + y. Let s = y + 118. Calculate the highest common factor of 12 and s.
12
Suppose 4*v - 2*b = 292, -154 = -4*v + b + 142. Calculate the greatest common divisor of v and 1.
1
Let u(x) = -x + 1. Suppose v + 2 = r, 3*r = -2*v - 2*v - 29. Let g be u(r). Let b be 10/g*(-8)/(-5). What is the highest common factor of 1 and b?
1
Let w = -44 + 125. Let o = w - 58. Let y = 59599 + -59553. Calculate the highest common factor of y and o.
23
Let w = -1096 + 534. Let o be w/(-18) - 2/9. Suppose 0 = -j + o - 7. Calculate the highest common divisor of 12 and j.
12
Suppose -8 = -3*t + 22. Let o(r) = -3*r**2 + 121*r - 46. Let s be o(39). What is the highest common divisor of s and t?
10
Let a(m) = -4*m**3 + m. Let k be a(-1). Suppose -4*b + 20 = 0, 49 = f - k*b + 13. Calculate the greatest common factor of f and 85.
17
Suppose -2*v - z - 11 = -51, 4*v - 3*z - 60 = 0. What is the greatest common divisor of 18 and v?
18
Let t(w) = 52*w**2 + 5*w - 5. Let j be t(1). What is the greatest common factor of 1300 and j?
52
Suppose -2*o - 3 - 3 = 0, 0 = -x + o + 59. What is the highest common factor of 42 and x?
14
Let l(x) = -x**2 - 18*x + 54. Let v be l(-20). Let a be 2/7 - 80/(-14). Suppose 2*i - a = 78. Calculate the greatest common factor of i and v.
14
Suppose 0*u = 3*t + 3*u - 399, -3*u = -t + 129. What is the greatest common divisor of t and 176?
44
Suppose -o - 4*o + 100 = 0. Let h(j) = j - 1 - 2*j - 5*j**2 + o*j**2 + 3*j. Let g be h(2). What is the greatest common divisor of g and 42?
21
Let d = -6 - -10. Let i(f) = 2*f + 3. Let b be i(d). What is the greatest common factor of b and 121?
11
Suppose 1147 = -23*w + 4252. Calculate the greatest common factor of 495 and w.
45
Let h(m) = m**3 + 16*m**2 - 2*m - 24. Let l be h(-16). Let z(b) = b + 7. Let u be z(-5). What is the greatest common factor of l and u?
2
Let n = 1906 + -1437. Calculate the greatest common factor of n and 134.
67
Suppose 29*j - 135 = 20*j. What is the highest common divisor of 6 and j?
3
Let q = 186 + -169. What is the greatest common divisor of 153 and q?
17
Let v be (-136)/(-14) - 4/(-14). Let s be (-58)/(-6) + 12/36. Suppose 19*o = 18*o + s. What is the greatest common factor of v and o?
10
Suppose -3*p - 75 = -4*x, -x + 76 = 3*x - 4*p. Calculate the greatest common divisor of 63 and x.
9
Let k(p) = -11*p + 29. Let b be k(-13). Suppose 3*q - b = -28. Calculate the greatest common divisor of 6 and q.
6
Suppose -504 = -18*w - 0*w. What is the highest common factor of w and 896?
28
Suppose 3*i - 78 = -0. Let v(c) = -54*c + 17. Let l be v(-12). Suppose -15 = 3*n, 5*g - 2*n - n - l = 0. Calculate the greatest common factor of g and i.
26
Suppose 0 = -q + 3*v, 3*v + 0 = 3. Calculate the highest common divisor of 48 and q.
3
Let t(m) = -38*m**3 - m**2 - m + 1. Let a be t(1). Let x = 12 - a. Let p = 5 + 12. What is the highest common factor of p and x?
17
Let n = 85 + -83. Let i be n/3 + (-34)/(-3). Calculate the highest common divisor of 18 and i.
6
Let c(u) = u**2 + 7*u - 12. Let m be c(-10). Suppose 0 = -d + 3*j + 11, 4*j = 2*d - 0*d - 16. Calculate the greatest common factor of d and m.
2
Let z = 70 - 68. Suppose 4*r - 2*r = -4. Let d be (z - -24)*(-1)/r. What is the greatest common divisor of 65 and d?
13
Let q(c) = -c**2 + 2 - 8*c + 8 + 0. Let n(z) = z**2 + 8*z - 9. Let f(l) = -5*n(l) - 4*q(l). Let w be f(-5). What is the highest common factor of 20 and w?
20
Let l(z) = -8*z + 130. Let g be l(15). Calculate the highest common divisor of 2290 and g.
10
Let n be 1*(-6)/21 + 13356/98. Calculate the greatest common divisor of n and 102.
34
Let n(d) = 40*d + 24. Let i be n(0). Calculate the highest common divisor of 24 and i.
24
Let o = -904 - -1803. Calculate the highest common factor of 58 and o.
29
Let x = 536 + -517. Let h = 1 + 2. Suppose 3 = -b - 1, -5*b - 77 = -h*o. Calculate the highest common factor of o and x.
19
Let t be 4/48 - (-1473)/36. What is the greatest common factor of t and 451?
41
Let a be -3 - ((-250)/4)/(1/4). Let n = a + -139. What is the greatest common factor of n and 27?
27
Let r(j) = -34*j - 196. Let v be r(-6). Let b(q) = q + 1. Let c = 1 + 2. Let p be b(c). Calculate the greatest common factor of p and v.
4
Let w(f) = -4*f + 11. Let b be w(0). Suppose -5*m = 5*o - 630, -2*m = -m - 5. What is the highest common factor of b and o?
11
Let c = 745 + -472. Suppose -7*a = -c - 322. Calculate the greatest common factor of 17 and a.
17
Let g = -885 + 939. Calculate the greatest common factor of g and 1062.
18
Suppose 0 = 6*g - 3*g. Suppose 2*t + 4*l + 0*l - 12 = 0, 0 = 4*l - 8. Suppose -t*o = -g*o - 96. Calculate the greatest common divisor of o and 16.
16
Suppose 4*a = -4*z - 464, -4*z - 493 = -a - 14. Let d = 168 + z. Calculate the highest common divisor of 7 and d.
7
Let b be 1080/405*(686/4 + 1). Calculate the highest common divisor of b and 92.
92
Let w(i) = i**2 - 6*i + 40. Let m be w(-8). What is the greatest common factor of 228 and m?
76
Let o = 0 + 39. Let n = 1283 - 1270. Calculate the greatest common divisor of n and o.
13
Let r be 1305/(-75)*(-4 - 1). Suppose -c + 57 + r = 0. Suppose c = a + a. Calculate the greatest common divisor of 8 and a.
8
Suppose 2*s = 4*w - 40 - 6, 2*s + 52 = w. Let x be s/(-2) + 21/(-42). Calculate the greatest common divisor of 91 and x.
13
Let d = 1766 + -1696. Calculate the highest common divisor of d and 406.
14
Let w(r) = 2*r**2 + 14*r + 16. Let m be w(-12). What is the highest common divisor of m and 24?
8
Let i be 453/15 - (-3)/(-15). Let d = -157 + 487. Calculate the highest common divisor of d and i.
30
Let f be 50 - (-2 - (1 + -3)). Suppose f = 3*p - p. Suppose 8*h - 114 - 886 = 0. Calculate the highest common divisor of p and h.
25
Let f(p) = -p**2 - 54*p - 179. Let b be f(-4). What is the greatest common factor of 609 and b?
21
Suppose -u + 2*u = 12. Let r be u - (3/1 + -1). What is the greatest common divisor of r and 90?
10
Let y(b) = b**2 - 9*b - 16. Let x be y(11). Let p(r) = 5*r**3 + r**2 - r + 1. Let d be p(1). What is the greatest common divisor of d and x?
6
Let r = -7 - -14. Let h = -1 + r. Let d = 90 + -78. Calculate the greatest common factor of d and h.
6
Let a = 25 + -23. Suppose -a*l = -2 + 8, 2*h - 267 = 5*l. What is the greatest common factor of 14 and h?
14
Let l(z) = 2*z**2 - 60*z + 541. Let m be l(13). Let b(a) = -4 + 0 - 5*a + 0. Let x be b(-3). What is the highest common factor of x and m?
11
Suppose 0 = -o + 6 - 4. Let a be (8/2 - o) + 0 + 4. Calculate the highest common factor of a and 2.
2
Suppose 4*k - 2*x - x = 58, 5*k + 4*x - 88 = 0. Let g(d) = -d + 21. Let m be g(k). What is the highest common factor of m and 40?
5
Suppose 0 = 14*r - 0*r - 504. What is the highest common factor of 12 and r?
12
Let r = 146 + 23. Let g = -121 + r. Calculate the highest common divisor of 72 and g.
24
Let l be ((-936)/182)/(2/21). Let r = l - -79. Suppose -3*h - 194 = -719. Calculate the greatest common factor of r and h.
25
Let a be 58/3 + (-4)/(-6). Let z(h) = -2*h